Dec 02 18:35:05.832 INFO testing rust_qt_binding_generator-0.2.0 against master#8940af3cea4a9a9deabcaf843b2f8cad9a83fc61 for beta-1.31-5
Dec 02 18:35:05.832 INFO running `"docker" "create" "-v" "/mnt/big/crater/work/local/target-dirs/beta-1.31-5/worker-3/master#8940af3cea4a9a9deabcaf843b2f8cad9a83fc61:/target:rw,Z" "-v" "/mnt/big/crater/work/local/test-source/worker-3/beta-1.31-5/master#8940af3cea4a9a9deabcaf843b2f8cad9a83fc61:/source:ro,Z" "-v" "/mnt/big/crater/work/local/cargo-home:/cargo-home:ro,Z" "-v" "/mnt/big/crater/work/local/rustup-home:/rustup-home:ro,Z" "-e" "USER_ID=1000" "-e" "SOURCE_DIR=/source" "-e" "USER_ID=1000" "-e" "CMD=cargo +8940af3cea4a9a9deabcaf843b2f8cad9a83fc61-alt build --frozen" "-e" "CARGO_TARGET_DIR=/target" "-e" "CARGO_INCREMENTAL=0" "-e" "RUST_BACKTRACE=full" "-e" "RUSTFLAGS=--cap-lints=warn" "-e" "CARGO_HOME=/cargo-home" "-e" "RUSTUP_HOME=/rustup-home" "-m" "1536M" "--network" "none" "crater"`
Dec 02 18:35:06.459 INFO [stdout] ff34c30842fa4e7f1af5351e46e11ee082688bd88b0f277ce76b3dd80cf47f7f
Dec 02 18:35:06.461 INFO running `"docker" "start" "-a" "ff34c30842fa4e7f1af5351e46e11ee082688bd88b0f277ce76b3dd80cf47f7f"`
Dec 02 18:35:08.149 INFO [stderr] usermod: no changes
Dec 02 18:35:08.300 INFO [stderr]    Compiling rust_qt_binding_generator v0.2.0 (/source)
Dec 02 18:35:24.947 INFO [stderr]     Finished dev [unoptimized + debuginfo] target(s) in 16.77s
Dec 02 18:35:24.955 INFO [stderr] su: No module specific data is present
Dec 02 18:35:25.815 INFO running `"docker" "inspect" "ff34c30842fa4e7f1af5351e46e11ee082688bd88b0f277ce76b3dd80cf47f7f"`
Dec 02 18:35:26.109 INFO running `"docker" "rm" "-f" "ff34c30842fa4e7f1af5351e46e11ee082688bd88b0f277ce76b3dd80cf47f7f"`
Dec 02 18:35:26.535 INFO [stdout] ff34c30842fa4e7f1af5351e46e11ee082688bd88b0f277ce76b3dd80cf47f7f
Dec 02 18:35:26.543 INFO running `"docker" "create" "-v" "/mnt/big/crater/work/local/target-dirs/beta-1.31-5/worker-3/master#8940af3cea4a9a9deabcaf843b2f8cad9a83fc61:/target:rw,Z" "-v" "/mnt/big/crater/work/local/test-source/worker-3/beta-1.31-5/master#8940af3cea4a9a9deabcaf843b2f8cad9a83fc61:/source:ro,Z" "-v" "/mnt/big/crater/work/local/cargo-home:/cargo-home:ro,Z" "-v" "/mnt/big/crater/work/local/rustup-home:/rustup-home:ro,Z" "-e" "USER_ID=1000" "-e" "SOURCE_DIR=/source" "-e" "USER_ID=1000" "-e" "CMD=cargo +8940af3cea4a9a9deabcaf843b2f8cad9a83fc61-alt test --frozen --no-run" "-e" "CARGO_TARGET_DIR=/target" "-e" "CARGO_INCREMENTAL=0" "-e" "RUST_BACKTRACE=full" "-e" "RUSTFLAGS=--cap-lints=warn" "-e" "CARGO_HOME=/cargo-home" "-e" "RUSTUP_HOME=/rustup-home" "-m" "1536M" "--network" "none" "crater"`
Dec 02 18:35:27.002 INFO [stdout] 8bb4d636b072a9d2323b713010a2849ff8fad8c1511d1d8fb2e0296e40ababe1
Dec 02 18:35:27.005 INFO running `"docker" "start" "-a" "8bb4d636b072a9d2323b713010a2849ff8fad8c1511d1d8fb2e0296e40ababe1"`
Dec 02 18:35:29.120 INFO [stderr] usermod: no changes
Dec 02 18:35:29.270 INFO [stderr]    Compiling rust_qt_binding_generator v0.2.0 (/source)
Dec 02 18:35:36.514 INFO [stderr]     Finished dev [unoptimized + debuginfo] target(s) in 7.37s
Dec 02 18:35:36.529 INFO [stderr] su: No module specific data is present
Dec 02 18:35:37.160 INFO running `"docker" "inspect" "8bb4d636b072a9d2323b713010a2849ff8fad8c1511d1d8fb2e0296e40ababe1"`
Dec 02 18:35:37.436 INFO running `"docker" "rm" "-f" "8bb4d636b072a9d2323b713010a2849ff8fad8c1511d1d8fb2e0296e40ababe1"`
Dec 02 18:35:37.849 INFO [stdout] 8bb4d636b072a9d2323b713010a2849ff8fad8c1511d1d8fb2e0296e40ababe1
Dec 02 18:35:37.856 INFO running `"docker" "create" "-v" "/mnt/big/crater/work/local/target-dirs/beta-1.31-5/worker-3/master#8940af3cea4a9a9deabcaf843b2f8cad9a83fc61:/target:rw,Z" "-v" "/mnt/big/crater/work/local/test-source/worker-3/beta-1.31-5/master#8940af3cea4a9a9deabcaf843b2f8cad9a83fc61:/source:ro,Z" "-v" "/mnt/big/crater/work/local/cargo-home:/cargo-home:ro,Z" "-v" "/mnt/big/crater/work/local/rustup-home:/rustup-home:ro,Z" "-e" "USER_ID=1000" "-e" "SOURCE_DIR=/source" "-e" "USER_ID=1000" "-e" "CMD=cargo +8940af3cea4a9a9deabcaf843b2f8cad9a83fc61-alt test --frozen" "-e" "CARGO_TARGET_DIR=/target" "-e" "CARGO_INCREMENTAL=0" "-e" "RUST_BACKTRACE=full" "-e" "RUSTFLAGS=--cap-lints=warn" "-e" "CARGO_HOME=/cargo-home" "-e" "RUSTUP_HOME=/rustup-home" "-m" "1536M" "--network" "none" "crater"`
Dec 02 18:35:38.295 INFO [stdout] 254ae20fd25bdbbfbb6ecbf6ae408f0874725096ea6e79385da1cba9479cdbfa
Dec 02 18:35:38.297 INFO running `"docker" "start" "-a" "254ae20fd25bdbbfbb6ecbf6ae408f0874725096ea6e79385da1cba9479cdbfa"`
Dec 02 18:35:39.393 INFO [stderr] usermod: no changes
Dec 02 18:35:39.511 INFO [stderr]     Finished dev [unoptimized + debuginfo] target(s) in 0.10s
Dec 02 18:35:39.516 INFO [stderr]      Running /target/debug/deps/rust_qt_binding_generator-224744c0d5c95d75
Dec 02 18:35:39.518 INFO [stdout] 
Dec 02 18:35:39.518 INFO [stdout] running 0 tests
Dec 02 18:35:39.518 INFO [stdout] 
Dec 02 18:35:39.518 INFO [stdout] test result: ok. 0 passed; 0 failed; 0 ignored; 0 measured; 0 filtered out
Dec 02 18:35:39.518 INFO [stdout] 
Dec 02 18:35:39.527 INFO [stderr]      Running /target/debug/deps/rust_qt_binding_generator-71405405269d5991
Dec 02 18:35:39.529 INFO [stdout] 
Dec 02 18:35:39.529 INFO [stdout] running 0 tests
Dec 02 18:35:39.529 INFO [stdout] 
Dec 02 18:35:39.529 INFO [stdout] test result: ok. 0 passed; 0 failed; 0 ignored; 0 measured; 0 filtered out
Dec 02 18:35:39.529 INFO [stdout] 
Dec 02 18:35:39.529 INFO [stderr]    Doc-tests rust_qt_binding_generator
Dec 02 18:35:43.399 INFO [stdout] 
Dec 02 18:35:43.399 INFO [stdout] running 2 tests
Dec 02 18:35:51.690 INFO [stdout] test src/build.rs - build::Build::new (line 158) ... ok
Dec 02 18:35:52.258 INFO [stdout] test src/build.rs - build::require_qt_version (line 108) ... FAILED
Dec 02 18:35:52.258 INFO [stdout] 
Dec 02 18:35:52.258 INFO [stdout] failures:
Dec 02 18:35:52.258 INFO [stdout] 
Dec 02 18:35:52.258 INFO [stdout] ---- src/build.rs - build::require_qt_version (line 108) stdout ----
Dec 02 18:35:52.258 INFO [stdout] thread 'src/build.rs - build::require_qt_version (line 108)' panicked at 'test executable failed:
Dec 02 18:35:52.258 INFO [stdout] 
Dec 02 18:35:52.258 INFO [stdout] running: "qmake" "-query" "QT_VERSION"
Dec 02 18:35:52.258 INFO [stdout] thread 'main' panicked at 'Please use a version of Qt >= 5.1.0, not 4.8.7
Dec 02 18:35:52.258 INFO [stdout] ', src/build.rs:125:9
Dec 02 18:35:52.258 INFO [stdout] stack backtrace:
Dec 02 18:35:52.258 INFO [stdout]    0:     0x55ab28ca452f - std::sys::unix::backtrace::tracing::imp::unwind_backtrace::h3a8b83e1922cbdde
Dec 02 18:35:52.258 INFO [stdout]                                at libstd/sys/unix/backtrace/tracing/gcc_s.rs:49
Dec 02 18:35:52.258 INFO [stdout]    1:     0x55ab28cb0207 - std::sys_common::backtrace::print::h00d3155a29b4020f
Dec 02 18:35:52.258 INFO [stdout]                                at libstd/sys_common/backtrace.rs:71
Dec 02 18:35:52.258 INFO [stdout]                                at libstd/sys_common/backtrace.rs:59
Dec 02 18:35:52.258 INFO [stdout]    2:     0x55ab28ca906f - std::panicking::default_hook::{{closure}}::hd7465c742e79e1bb
Dec 02 18:35:52.258 INFO [stdout]                                at libstd/panicking.rs:211
Dec 02 18:35:52.258 INFO [stdout]    3:     0x55ab28ca8dd4 - std::panicking::default_hook::h9e3966f2aa2a6e12
Dec 02 18:35:52.258 INFO [stdout]                                at libstd/panicking.rs:227
Dec 02 18:35:52.258 INFO [stdout]    4:     0x55ab28ca96ee - std::panicking::rust_panic_with_hook::h587f091ae747d080
Dec 02 18:35:52.258 INFO [stdout]                                at libstd/panicking.rs:476
Dec 02 18:35:52.258 INFO [stdout]    5:     0x55ab28ca9291 - std::panicking::continue_panic_fmt::hb3a4fdede87f43a8
Dec 02 18:35:52.258 INFO [stdout]                                at libstd/panicking.rs:390
Dec 02 18:35:52.258 INFO [stdout]    6:     0x55ab28ca91de - std::panicking::begin_panic_fmt::h387afc7da9a10555
Dec 02 18:35:52.258 INFO [stdout]                                at libstd/panicking.rs:345
Dec 02 18:35:52.258 INFO [stdout]    7:     0x55ab28ad7234 - rust_qt_binding_generator::build::require_qt_version::hf8842742c6d5ee99
Dec 02 18:35:52.258 INFO [stdout]                                at src/build.rs:125
Dec 02 18:35:52.258 INFO [stdout]    8:     0x55ab28ad5cc2 - rust_out::main::h944e552f3f67b4ba
Dec 02 18:35:52.258 INFO [stdout]    9:     0x55ab28ad5c92 - std::rt::lang_start::{{closure}}::h75e93374870778fd
Dec 02 18:35:52.258 INFO [stdout]   10:     0x55ab28ca9112 - std::panicking::try::do_call::h52e7f80ff0fdcc45
Dec 02 18:35:52.258 INFO [stdout]                                at libstd/rt.rs:59
Dec 02 18:35:52.258 INFO [stdout]                                at libstd/panicking.rs:310
Dec 02 18:35:52.258 INFO [stdout]   11:     0x55ab28cbb1b9 - __rust_maybe_catch_panic
Dec 02 18:35:52.258 INFO [stdout]                                at libpanic_unwind/lib.rs:102
Dec 02 18:35:52.258 INFO [stdout]   12:     0x55ab28c9993a - std::rt::lang_start_internal::h38cae898de7f805c
Dec 02 18:35:52.258 INFO [stdout]                                at libstd/panicking.rs:289
Dec 02 18:35:52.258 INFO [stdout]                                at libstd/panic.rs:392
Dec 02 18:35:52.258 INFO [stdout]                                at libstd/rt.rs:58
Dec 02 18:35:52.258 INFO [stdout]   13:     0x55ab28ad5c74 - std::rt::lang_start::h75a65a13903c9f73
Dec 02 18:35:52.258 INFO [stdout]   14:     0x55ab28ad5cea - main
Dec 02 18:35:52.258 INFO [stdout]   15:     0x7fd7daa2082f - __libc_start_main
Dec 02 18:35:52.258 INFO [stdout]   16:     0x55ab28ad5aa8 - _start
Dec 02 18:35:52.258 INFO [stdout]   17:                0x0 - <unknown>
Dec 02 18:35:52.258 INFO [stdout] 
Dec 02 18:35:52.258 INFO [stdout] ', librustdoc/test.rs:367:17
Dec 02 18:35:52.258 INFO [stdout] stack backtrace:
Dec 02 18:35:52.258 INFO [stdout]    0:     0x7fb29d9fe90f - std::sys::unix::backtrace::tracing::imp::unwind_backtrace::h3a8b83e1922cbdde
Dec 02 18:35:52.258 INFO [stdout]                                at libstd/sys/unix/backtrace/tracing/gcc_s.rs:49
Dec 02 18:35:52.258 INFO [stdout]    1:     0x7fb29d9e3897 - std::sys_common::backtrace::print::h00d3155a29b4020f
Dec 02 18:35:52.258 INFO [stdout]                                at libstd/sys_common/backtrace.rs:71
Dec 02 18:35:52.258 INFO [stdout]                                at libstd/sys_common/backtrace.rs:59
Dec 02 18:35:52.258 INFO [stdout]    2:     0x7fb29da09cef - std::panicking::default_hook::{{closure}}::hd7465c742e79e1bb
Dec 02 18:35:52.258 INFO [stdout]                                at libstd/panicking.rs:211
Dec 02 18:35:52.258 INFO [stdout]    3:     0x7fb29da099ee - std::panicking::default_hook::h9e3966f2aa2a6e12
Dec 02 18:35:52.258 INFO [stdout]                                at libstd/panicking.rs:221
Dec 02 18:35:52.258 INFO [stdout]    4:     0x7fb29fb94951 - rustc::util::common::panic_hook::h27965632b67fe74e
Dec 02 18:35:52.258 INFO [stdout]    5:     0x7fb29da0a4e6 - std::panicking::rust_panic_with_hook::h587f091ae747d080
Dec 02 18:35:52.259 INFO [stdout]                                at libstd/panicking.rs:480
Dec 02 18:35:52.259 INFO [stdout]    6:     0x7fb29da0a031 - std::panicking::continue_panic_fmt::hb3a4fdede87f43a8
Dec 02 18:35:52.259 INFO [stdout]                                at libstd/panicking.rs:390
Dec 02 18:35:52.259 INFO [stdout]    7:     0x7fb29da09f7e - std::panicking::begin_panic_fmt::h387afc7da9a10555
Dec 02 18:35:52.259 INFO [stdout]                                at libstd/panicking.rs:345
Dec 02 18:35:52.259 INFO [stdout]    8:     0x56457013fff8 - <rustdoc::test::Collector as rustdoc::test::Tester>::add_test::{{closure}}::{{closure}}::{{closure}}::h1a7d462b7674a13e
Dec 02 18:35:52.259 INFO [stdout]                                at librustdoc/test.rs:367
Dec 02 18:35:52.259 INFO [stdout]                                at librustdoc/test.rs:596
Dec 02 18:35:52.259 INFO [stdout]    9:     0x5645700f51f8 - <scoped_tls::ScopedKey<T>>::set::h9a299037e2efdd79
Dec 02 18:35:52.259 INFO [stdout]                                at /cargo/registry/src/github.com-1ecc6299db9ec823/scoped-tls-0.1.2/src/lib.rs:155
Dec 02 18:35:52.259 INFO [stdout]                                at libsyntax/lib.rs:106
Dec 02 18:35:52.259 INFO [stdout]                                at /cargo/registry/src/github.com-1ecc6299db9ec823/scoped-tls-0.1.2/src/lib.rs:155
Dec 02 18:35:52.259 INFO [stdout]   10:     0x56456fef9601 - syntax::with_globals::hc9a23e436a64729f
Dec 02 18:35:52.259 INFO [stdout]                                at libsyntax/lib.rs:105
Dec 02 18:35:52.259 INFO [stdout]   11:     0x56456ffabdbb - std::panicking::try::do_call::hd95e3a92339aa7c0
Dec 02 18:35:52.259 INFO [stdout]                                at librustdoc/test.rs:593
Dec 02 18:35:52.259 INFO [stdout]                                at libstd/panic.rs:313
Dec 02 18:35:52.259 INFO [stdout]                                at libstd/panicking.rs:310
Dec 02 18:35:52.259 INFO [stdout]   12:     0x7fb29da17cd9 - __rust_maybe_catch_panic
Dec 02 18:35:52.259 INFO [stdout]                                at libpanic_unwind/lib.rs:102
Dec 02 18:35:52.259 INFO [stdout]   13:     0x56456ffcef49 - rustc_driver::in_named_rustc_thread::h5d5326e5f9843b1f
Dec 02 18:35:52.259 INFO [stdout]                                at libstd/panicking.rs:289
Dec 02 18:35:52.259 INFO [stdout]                                at libstd/panic.rs:392
Dec 02 18:35:52.259 INFO [stdout]                                at librustc_driver/lib.rs:1546
Dec 02 18:35:52.259 INFO [stdout]   14:     0x56457010deb0 - <F as alloc::boxed::FnBox<A>>::call_box::h85b70bbf522f8d35
Dec 02 18:35:52.259 INFO [stdout]                                at librustdoc/test.rs:593
Dec 02 18:35:52.259 INFO [stdout]                                at liballoc/boxed.rs:672
Dec 02 18:35:52.259 INFO [stdout]   15:     0x7fb29f079022 - <F as alloc::boxed::FnBox<A>>::call_box::h37f4bb882553d58c
Dec 02 18:35:52.259 INFO [stdout]                                at libtest/lib.rs:1461
Dec 02 18:35:52.259 INFO [stdout]                                at liballoc/boxed.rs:672
Dec 02 18:35:52.259 INFO [stdout]   16:     0x7fb29da17cd9 - __rust_maybe_catch_panic
Dec 02 18:35:52.259 INFO [stdout]                                at libpanic_unwind/lib.rs:102
Dec 02 18:35:52.259 INFO [stdout]   17:     0x7fb29f0a1462 - std::sys_common::backtrace::__rust_begin_short_backtrace::hb8f0d0309526c184
Dec 02 18:35:52.259 INFO [stdout]                                at libstd/panicking.rs:289
Dec 02 18:35:52.259 INFO [stdout]                                at libstd/panic.rs:392
Dec 02 18:35:52.259 INFO [stdout]                                at libtest/lib.rs:1423
Dec 02 18:35:52.259 INFO [stdout]                                at libstd/sys_common/backtrace.rs:136
Dec 02 18:35:52.259 INFO [stdout]   18:     0x7fb29f0a2204 - std::panicking::try::do_call::hc2f7c8b9a348d8db
Dec 02 18:35:52.259 INFO [stdout]                                at libstd/thread/mod.rs:409
Dec 02 18:35:52.259 INFO [stdout]                                at libstd/panic.rs:313
Dec 02 18:35:52.259 INFO [stdout]                                at libstd/panicking.rs:310
Dec 02 18:35:52.259 INFO [stdout]   19:     0x7fb29da17cd9 - __rust_maybe_catch_panic
Dec 02 18:35:52.259 INFO [stdout]                                at libpanic_unwind/lib.rs:102
Dec 02 18:35:52.259 INFO [stdout]   20:     0x7fb29f08a94c - <F as alloc::boxed::FnBox<A>>::call_box::h6bfded618e480b32
Dec 02 18:35:52.259 INFO [stdout]                                at libstd/panicking.rs:289
Dec 02 18:35:52.259 INFO [stdout]                                at libstd/panic.rs:392
Dec 02 18:35:52.259 INFO [stdout]                                at libstd/thread/mod.rs:408
Dec 02 18:35:52.259 INFO [stdout]                                at liballoc/boxed.rs:672
Dec 02 18:35:52.259 INFO [stdout]   21:     0x7fb29da04c9d - std::sys_common::thread::start_thread::h4c28257d67cdf9cb
Dec 02 18:35:52.259 INFO [stdout]                                at liballoc/boxed.rs:682
Dec 02 18:35:52.259 INFO [stdout]                                at libstd/sys_common/thread.rs:24
Dec 02 18:35:52.259 INFO [stdout]   22:     0x7fb29d9da4d5 - std::sys::unix::thread::Thread::new::thread_start::hfecb2e7eff8fd34f
Dec 02 18:35:52.259 INFO [stdout]                                at libstd/sys/unix/thread.rs:90
Dec 02 18:35:52.259 INFO [stdout]   23:     0x7fb29d5666b9 - start_thread
Dec 02 18:35:52.259 INFO [stdout]   24:     0x7fb29d08641c - clone
Dec 02 18:35:52.259 INFO [stdout]   25:                0x0 - <unknown>
Dec 02 18:35:52.259 INFO [stdout] query stack during panic:
Dec 02 18:35:52.259 INFO [stdout] end of query stack
Dec 02 18:35:52.259 INFO [stdout] 
Dec 02 18:35:52.259 INFO [stdout] 
Dec 02 18:35:52.259 INFO [stdout] failures:
Dec 02 18:35:52.259 INFO [stdout]     src/build.rs - build::require_qt_version (line 108)
Dec 02 18:35:52.259 INFO [stdout] 
Dec 02 18:35:52.259 INFO [stdout] test result: FAILED. 1 passed; 1 failed; 0 ignored; 0 measured; 0 filtered out
Dec 02 18:35:52.259 INFO [stdout] 
Dec 02 18:35:52.279 INFO [stderr] error: test failed, to rerun pass '--doc'
Dec 02 18:35:52.279 INFO [stderr] su: No module specific data is present
Dec 02 18:35:52.823 INFO running `"docker" "inspect" "254ae20fd25bdbbfbb6ecbf6ae408f0874725096ea6e79385da1cba9479cdbfa"`
Dec 02 18:35:53.103 INFO running `"docker" "rm" "-f" "254ae20fd25bdbbfbb6ecbf6ae408f0874725096ea6e79385da1cba9479cdbfa"`
Dec 02 18:35:53.300 INFO [stdout] 254ae20fd25bdbbfbb6ecbf6ae408f0874725096ea6e79385da1cba9479cdbfa
